er?
False
Suppose 0 = -g - w + 2058, 3*g - 3*w = -2*g + 10250. Is g composite?
False
Suppose -b - 4*s + 367 = 0, 3*b = -b - 3*s + 1507. Is b prime?
True
Suppose 0 = -2*b + 116 + 360. Suppose 3*p - j - b = 0, 4*p - 3*j - 82 = 3*p. Is p a prime number?
True
Is (-6397 - 1)*(1 - 18/12) a composite number?
True
Suppose -552 = -3*w - 159. Let p = w - -192. Is p a composite number?
True
Suppose 14*h - 58634 = -3936. Is h a composite number?
False
Suppose -k = -0*w + 4*w + 12, 8 = 5*k + 3*w. Suppose 2*m = k*m - 94. Is m a composite number?
False
Let n = -6 + 11. Let r = n + -3. Is r/(4/1)*14 a prime number?
True
Suppose -h - 4*z + 8*z = -423, 2039 = 5*h - z. Is h prime?
False
Let y(f) = f**3 + 7*f**2 + 3*f - 5. Is y(-4) a composite number?
False
Let c be (-17)/(-5) + (-4)/10. Suppose -2*o - 33 = -c*w + o, -2*o - 43 = -5*w. Is w a prime number?
True
Let v(t) = -11*t + 12. Suppose -2*a - 20 = -0*a. Is v(a) a prime number?
False
Let l be 0 - (-19 + 1)/(-3). Let n be (-76)/l + 6/18. Suppose 2*s - n = -0*f - 5*f, -5*f - 101 = -4*s. Is s a prime number?
True
Suppose -2*h - b + 3*b = -96, -4*h + 3*b = -187. Is h prime?
True
Let q(j) = j - 6. Let b be q(11). Suppose -2*w + 331 = -2*f - 61, -2*w = -b*f - 377. Is w composite?
True
Suppose 0 = -2*f - i - 4, -2*f + 3 = -2*i - 5. Suppose f = -2*a - 2*a - u + 12, 5*u = -a - 16. Suppose -3*j + 397 = 3*g + j, -619 = -5*g + a*j. Is g prime?
True
Let d(n) = n**3 - 10*n**2 - n + 10. Let k be d(10). Suppose k = -7*v + 2*v + 295. Is v a prime number?
True
Suppose -60 + 18 = -3*j. Let w = 24 - j. Suppose -85 + w = -5*k. Is k a prime number?
False
Let f = 458 - -609. Is f a prime number?
False
Let u(x) = -x**2 - x. Let g be u(-1). Let m be 606/10 + 6/15. Is m + -5 + (g - 3) a composite number?
False
Let j = 5 - 3. Let r be 2*(3 + 101) + -2. Is j/3 + r/6 composite?
True
Let n be 4868/(-24) - 1/6. Is -3 + (3 - 0) - n composite?
True
Suppose 5*h + 10 = -4*m - 18, -5*h = 0. Let s be (-2)/7 + (-23)/m. Suppose p + 12 = s*p. Is p prime?
False
Let h(s) = s**3 + 3*s**2 - 5*s - 1. Let l = -14 - -10. Is h(l) a prime number?
True
Let n be (-194)/(-22) - (-4)/22. Let v(m) = -m**3 + 9*m**2 + 2. Let u be v(n). Suppose -u*t + 70 = 3*t. Is t a composite number?
True
Is (532 + -1)*1*(-4)/(-12) a composite number?
True
Suppose 4*k + 11 = 3. Is -86*(-1)/k*-5 a composite number?
True
Let c = -4 - -6. Let s(z) = z**3 - 6*z**2 - 7*z. Let b be s(7). Let f = b + c. Is f prime?
True
Suppose -16 = -2*m + 3*i, i - 3*i = -3*m + 24. Let f = m + -4. Suppose f*y - 146 + 58 = 0. Is y prime?
False
Suppose -4*z + 4529 = 1549. Is z a composite number?
True
Suppose 10*t = 3105 + 3245. Is t a composite number?
True
Let f = -65 - -22. Suppose n = 3*p - 689, 2 - 4 = -2*n. Let o = f + p. Is o prime?
False
Let d(n) = n**3 + 8*n**2 - 2*n - 9. Let f be d(-8). Let k = f - 2. Suppose 0*j - j + 29 = -k*w, 2*w = 3*j - 22. Is j composite?
True
Let k(g) = -8*g - 3. Is k(-11) a composite number?
True
Let n be 2/(-9) + (-224)/(-36). Let b(h) = h - 3. Let j be b(n). Is (-6)/j + 58 + -1 composite?
True
Let i be 4*(14/(-8) - -1). Let g be -36*(20/(-15))/4. Let o = g - i. Is o composite?
True
Let q be 326/10 - 4/(-10). Suppose -p - q = 4*w, 19 = -2*w - 2*p - 5. Let d(m) = -m - 1. Is d(w) a composite number?
True
Suppose 1 = 4*p - 15. Let a be 167 + -3 - (-1 - -1). Suppose -a = -p*d + j + 679, 3*d + 2*j = 635. Is d a composite number?
False
Suppose -4 + 10 = 3*b. Let f be (-7)/(0 + b/(-2)). Let q = f + -1. Is q composite?
True
Let u = 115 + -60. Is u a prime number?
False
Let o(s) = 6*s**2 - 12*s + 4. Let q(x) = x**3 + 4*x**2 - 8*x - 6. Let z be q(-5). Let i be o(z). Suppose j - i = -j. Is j a prime number?
True
Let r = -261 + 660. Let z(p) = -17*p**2 + 2*p - 1. Let n be z(4). Let v = n + r. Is v composite?
True
Suppose 0*t = -2*t, 0 = 4*l - 3*t - 12. Let d(m) = 17*m - 2. Is d(l) prime?
False
Suppose -4*o - 2*l = -66, -o - 4*l = l - 3. Suppose 0 = s, -q = -s + o - 62. Suppose -q = -z - z. Is z prime?
False
Suppose 0 = -4*g - 1159 + 155. Suppose o + 0*q + q = -152, 2*o + 324 = 3*q. Let z = o - g. Is z a composite number?
True
Let x(f) be the first derivative of -f**2 - 3*f + 7. Is x(-9) a composite number?
True
Let l(j) = -2*j - 4. Let o be l(-8). Let b be 3/o - 134/(-8). Let t = b + -3. Is t a composite number?
True
Let g = 7 - 1. Is g/(-9) - (-2386)/6 composite?
False
Let o(z) = z**2 - 4*z. Let w be o(5). Suppose -w*s + 4*g = 5*g - 346, s - 3*g = 66. Is s a composite number?
True
Suppose f - 3*o - 273 = o, -2*o = 2*f - 496. Let c = 481 - f. Suppose 5*l + 0*l - u - 285 = 0, 0 = 4*l - u - c. Is l a prime number?
False
Let t(v) = -v**3 + v**2 - v + 1. Let o(l) = 5*l**3 - l**2 + 4*l - 5. Let m(x) = o(x) + 4*t(x). Suppose -5*y + 23 = 8. Is m(y) a composite number?
False
Suppose 0 = -3*j + 7*j + 3*y - 4647, 4*y - 1152 = -j. Is j/9*6/4 prime?
False
Let z be 0*(1 - -2)/3. Let o be (-3)/(-9) - (-224)/3. Suppose z = x + 3*v + v - o, 4*x + 2*v - 272 = 0. Is x prime?
True
Suppose -2*h = -2*l - 6*h + 18, -4*h + 6 = -2*l. Suppose -5*m - 3*o + 181 = 0, m - l*o - 31 = -o. Is m a prime number?
False
Suppose -2*n - 5*r + 62 = 0, -5*r + 2*r = -2*n + 30. Is 7/n - 868/(-6) a composite number?
True
Suppose a + x + 91 = 4*a, 133 = 5*a + 3*x. Suppose 4*v - 7 = a. Let p(j) = -j**2 + 11*j + 3. Is p(v) composite?
True
Is 778*3/(0 + 6) composite?
False
Let p(r) = -58*r + 20*r + 1 + 0. Is p(-5) prime?
True
Suppose 4*r - 10 - 2 = 0. Let p = r + 0. Suppose -p*k - 415 = -8*k. Is k a prime number?
True
Let k be 0 + -807 + (-3)/3. Let s = k - -1399. Is s a prime number?
False
Let q = 22 - 13. Suppose 2*i = -2*g + 14, 11 + q = -5*g. Is i a composite number?
False
Let s(l) = 151*l**2 + 2*l + 2. Let a be s(-3). Let u = -676 + a. Is u a prime number?
False
Let m = 1078 + -314. Let g = m + -399. Is g a prime number?
False
Suppose -2*t + 15 = -3*i, 25 = 2*t - 6*t - 5*i. Suppose t = -3*d + x + 191, 3*x + 183 = 3*d - 0*x. Is d a prime number?
False
Let z = -4 + 14. Suppose 5*w - 8 + 31 = n, z = -5*w. Is n composite?
False
Let h(g) = -6*g - 11. Let r be 4/(-22) + (-258)/33. Is h(r) composite?
False
Is (-87989)/(-66) - 2/12 a composite number?
True
Let s = -154 + 68. Let w = s + 249. Is w prime?
True
Let z(t) = 300*t**3 - 2*t + 1. Is z(1) a composite number?
True
Let l(d) = -15*d + 9. Let s(k) = -10*k + 6. Let q = -23 + 16. Let c(b) = q*s(b) + 5*l(b). Is c(-4) a composite number?
False
Suppose 8*v + 2857 - 12849 = 0. Is v composite?
False
Is (1 + 1/(-2))/((-2)/(-6844)) a composite number?
True
Suppose t = -3*t + 148. Is t composite?
False
Suppose 2*f = 3*y - 4, 5*y - 2*f = 4*y. Is 548/16*(30 - y) a composite number?
True
Suppose -2*p = 3*k + 159, 3*k - k = -4*p - 298. Let j = 163 + p. Is j a composite number?
True
Suppose -5*x = -3*c + 396, -317 - 188 = -4*c - x. Is c/(-2 + 3 + 0) a composite number?
False
Suppose 0*q = q - 92. Is (-12)/(-20) - q/(-5) prime?
True
Suppose 2*a + 4 = -0, -327 = -w + 2*a. Is w a prime number?
False
Let x = 10 - 5. Suppose 3*o + 161 = x*u, 5*o - 53 = 5*u - 218. Is u a prime number?
True
Let r(i) = -i**2 - 1. Let d(g) = 6*g**2 - 3*g + 1. Let w(c) = -d(c) - 5*r(c). Let v be w(4). Is 0/1 + (v - -34) prime?
False
Let y(k) = 4*k - 4. Let o(h) = -5*h + 5. Let q(p) = 3*o(p) + 4*y(p). Let j be q(1). Suppose j = -0*l + 2*l - 4. Is l a composite number?
False
Let j(l) = -6 - 15*l + l + 3. Is j(-3) prime?
False
Let q(x) be the second derivative of x**5/20 - x**4/12 + 35*x**2/2 + x. Let m(r) = -r**3 + 5*r**2 + 6*r. Let c be m(6). Is q(c) a prime number?
False
Is (2 + -300)/(4 - 6) a composite number?
False
Let a = 1078 + -395. Is a a prime number?
True
Is (-14)/(-3 + 8068/2692) composite?
True
Suppose 4*m - m - 717 = 0. Is m composite?
False
Suppose d - 10 + 3 = 0. Suppose -4*k + 49 = j, -d*j = -2*j - 4*k - 341. Is j prime?
False
Let i(p) = p**2 + 6*p - 8. Let k be i(-8). Suppose 0 = -k*r + 9*r - 133. Is r a composite number?
True
Let i(y) = -y**3 + 9*y**2 + 4*y - 2. Let m(k) = k - 2. Let d be m(6). Is i(d) a composite number?
True
Suppose -4*h = -3*d - 85, 3*h + 2*d - 69 = -d. Let f be (0 + 1/2)*h. Let g = f - -12. Is g a composite number?
False
Let w be (17/51)/((-2)/(-6)). Is (-1*w)/((-19)/7087) a composite number?
False
Suppose -82 = -2*u - 20. Is u prime?
True
Let c be 9/(-36) + (-18)/(-8). Supp